1 a prime number?
True
Is 14400553793 prime?
False
Is 341702943547 prime?
False
Is 5069747269 composite?
False
Is 2392244167 composite?
True
Is 135494609 composite?
True
Is 25777478729 a prime number?
True
Is 101446253 prime?
False
Is 40790571 composite?
True
Is 1019544809 composite?
False
Is 30921772411 composite?
True
Is 858732443 a composite number?
False
Is 228313181 a prime number?
True
Is 1913461853 a prime number?
True
Is 13750966601 composite?
False
Is 1812215677 composite?
True
Is 861309461 a composite number?
True
Is 879857053 a prime number?
True
Is 8346371597 a prime number?
True
Is 37115665243 composite?
False
Is 3152266114 composite?
True
Is 8883094373 composite?
True
Is 5817109 a composite number?
True
Is 20315786927 composite?
False
Is 25808290853 prime?
False
Is 965781149 a composite number?
True
Is 7930628839 a composite number?
True
Is 3220963591 a composite number?
False
Is 9522067171 composite?
True
Is 23895797357 prime?
False
Is 21332694637 prime?
False
Is 5645526577 composite?
False
Is 25233579395 a composite number?
True
Is 116165079665 prime?
False
Is 146751911 composite?
True
Is 29330999993 a prime number?
False
Is 769262569 prime?
True
Is 16504584979 composite?
True
Is 698849299 composite?
False
Is 25556963 composite?
False
Is 8355485759 a composite number?
False
Is 1121358361 a composite number?
False
Is 1056359627 composite?
True
Is 5594320399 composite?
True
Is 58662061399 a composite number?
False
Is 104171695063 a composite number?
False
Is 109005671 a composite number?
True
Is 2912369987 a composite number?
False
Is 7301967209 composite?
True
Is 137255201 a composite number?
True
Is 590677027 prime?
False
Is 207044927 composite?
False
Is 2152344659 a composite number?
False
Is 1688266519 prime?
False
Is 6306200378 a composite number?
True
Is 1962300083 a prime number?
False
Is 14216563997 a composite number?
True
Is 1452037451 prime?
True
Is 14611381091 a composite number?
True
Is 71118189781 prime?
False
Is 1750065827 a composite number?
True
Is 7557556709 a composite number?
False
Is 86833937 a prime number?
True
Is 70886939647 a prime number?
False
Is 6070731851 composite?
True
Is 2114867017 composite?
True
Is 102702963173 prime?
True
Is 652348181 composite?
False
Is 80961047 a prime number?
False
Is 106133316958 a composite number?
True
Is 201640363 prime?
False
Is 58120359893 prime?
False
Is 20413518781 a prime number?
False
Is 205962431 a prime number?
True
Is 99396607963 prime?
True
Is 155814968743 composite?
True
Is 6333993763 a prime number?
True
Is 3364615213 prime?
True
Is 76608113 composite?
False
Is 38058833 composite?
False
Is 2216990471 composite?
True
Is 1084858171 composite?
True
Is 962372657 a prime number?
False
Is 45378449801 composite?
False
Is 30212012806 a composite number?
True
Is 747864827 a prime number?
True
Is 273936583 a prime number?
False
Is 807296929 prime?
False
Is 128686728557 a prime number?
False
Is 2512593017 prime?
False
Is 59376497 composite?
True
Is 14471732867 a prime number?
True
Is 58458689069 prime?
False
Is 406467709 composite?
False
Is 6548309987 a prime number?
False
Is 62242096859 a prime number?
True
Is 9810635897 a prime number?
False
Is 4209816062 prime?
False
Is 750640697 prime?
True
Is 224859227 prime?
True
Is 4141520107 a composite number?
False
Is 105448006681 a composite number?
True
Is 213372143 a composite number?
True
Is 133731641369 prime?
True
Is 95019638039 a composite number?
True
Is 4839564923 a prime number?
True
Is 51664733 prime?
True
Is 115071161 composite?
False
Is 326413603 composite?
True
Is 3019815713 a prime number?
True
Is 529127849 a prime number?
True
Is 141081659 a composite number?
False
Is 24546640001 composite?
True
Is 929390387 a prime number?
False
Is 548977973 prime?
False
Is 118025859779 prime?
True
Is 1605449227 prime?
True
Is 1443728873 a prime number?
True
Is 146152211 a composite number?
False
Is 601509347 prime?
False
Is 5437607921 a composite number?
False
Is 8731925153 prime?
False
Is 7561940287 a composite number?
True
Is 52892680003 a prime number?
True
Is 180136919 a composite number?
True
Is 2945051533 prime?
True
Is 680940577 a composite number?
True
Is 51940006153 composite?
True
Is 181825053763 a composite number?
False
Is 1916478583 a prime number?
False
Is 978601999 prime?
False
Is 269471009303 a prime number?
False
Is 34933369503 composite?
True
Is 235963027 a prime number?
False
Is 10687252991 a prime number?
True
Is 67620823 a prime number?
True
Is 30882473 a composite number?
False
Is 2636801043 a composite number?
True
Is 1834211419 a prime number?
False
Is 12278083579 composite?
True
Is 1876946099 a prime number?
False
Is 2625835889 composite?
False
Is 14571448229 a prime number?
False
Is 144265001 a composite number?
False
Is 7266403657 composite?
True
Is 470416601 a composite number?
True
Is 270337591 a prime number?
True
Is 77895884009 prime?
True
Is 29833219973 a composite number?
False
Is 118777723931 a prime number?
True
Is 3700351373 a composite number?
False
Is 2704405987 prime?
False
Is 3203749067 a prime number?
False
Is 2997355723 prime?
False
Is 988368529 a prime number?
True
Is 641456447 composite?
False
Is 431638553 a prime number?
False
Is 23756349841 a composite number?
True
Is 14515788971 composite?
False
Is 109677539207 composite?
False
Is 421092271 a prime number?
True
Is 60212360149 a composite number?
True
Is 183078911 composite?
True
Is 111981614053 a composite number?
True
Is 12474183767 composite?
True
Is 3805686787 a prime number?
False
Is 8038469009 a composite number?
False
Is 8770863281 composite?
True
Is 267980338 a prime number?
False
Is 700212143 prime?
True
Is 3028549787 a composite number?
False
Is 73024781623 a prime number?
True
Is 1749522569 a composite number?
False
Is 108707903 a prime number?
False
Is 253069669 prime?
False
Is 6284537123 prime?
True
Is 199540919777 a composite number?
False
Is 1493008633 composite?
True
Is 10264988917 a prime number?
False
Is 12710356543 composite?
False
Is 564583103 a composite number?
True
Is 209990269 composite?
False
Is 16190332337 prime?
False
Is 96735301 a prime number?
False
Is 57016045883 a prime number?
False
Is 415691057 a composite number?
False
Is 602385079 a composite number?
True
Is 2775018667 composite?
False
Is 2743625089 composite?
False
Is 76492144037 prime?
True
Is 2523643203 composite?
True
Is 136126852937 composite?
False
Is 1177415621 a prime number?
False
Is 78568220659 composite?
False
Is 3432095599 prime?
True
Is 3722305558 a prime number?
False
Is 215031667793 prime?
False
Is 387828029 a composite number?
False
Is 33219317507 composite?
False
Is 5541422279 a composite number?
True
Is 2573365387 a prime number?
True
Is 17908638767 a prime number?
False
Is 3672319139 composite?
True
Is 327367111 a prime number?
True
Is 245159713 a prime number?
True
Is 2782306601 prime?
False
Is 127179145 a prime number?
False
Is 22196196515 composite?
True
Is 604353733 composite?
True
Is 355163225017 prime?
True
Is 30924877133 prime?
False
Is 146474528659 composite?
True
Is 1513918383 a composite number?
True
Is 11575678711 prime?
False
Is 6741756211 a prime number?
True
Is 5358396899 a prime number?
True
Is 6984103289 a composite number?
False
Is 873693983 prime?
True
Is 11076507569 prime?
False
Is 7391874229 a composite number?
False
Is 44660329549 prime?
False
Is 449641727 prime?
True
Is 189231323 a prime number?
True
Is 31391543 prime?
False
Is 760581953 composite?
True
Is 33922789717 composite?
False
Is 171231787 composite?
True
Is 35168347717 composite?
True
Is 5435118331 prime?
False
Is 2623798417 a prime number?
True
Is 103010351 a composite number?
False
Is 23795943959 prime?
True
Is 3212108777 a composite number?
True
Is 18218244977 a prime number?
False
Is 788774939 prime?
True
Is 156442717 composite?
True
Is 89855303 a composite number?
True
Is 20148530219 composite?
True
Is 1372579511 composite?
False
Is 214243627 a prime number?
False
Is 552639589 composite?
True
Is 4029488093 a prime number?
False
Is 1168728479 prime?
True
Is 38530524031 a prime number?
False
Is 1264879327 a prime number?
False
Is 39282627781 a prime number?
False
Is 1145037167 prime?
True
Is 12286319893 a prime number?
True
Is 707295857 a p